6
Suppose 0 = -5*c + 9*c - 156. Suppose -q = 2*q - c. What is the tens digit of q?
1
Let b(m) = -m**2 + 9*m - 4. Let i be b(6). Let g = i - -8. What is the units digit of g?
2
Suppose -5*j + 3*a = -153, 53 + 33 = 3*j + 4*a. Suppose 0 = -4*u + j + 30. Suppose -4*i = -u - 21. What is the units digit of i?
9
What is the tens digit of (47 - -11) + (1 - 2)?
5
What is the units digit of ((-36)/16)/(6/(-176)) + 1?
7
Let c(y) be the third derivative of y**5/30 + y**4/4 + 2*y**3/3 - 3*y**2. Let g be c(-4). What is the units digit of -1*1 + g + 2?
3
Let z be (81/36)/((-2)/(-8)). Let q = 7 - z. What is the units digit of (3 - 0) + 1 + q?
2
What is the tens digit of 58/(2 - 0)*(-40)/(-40)?
2
Let w(a) be the first derivative of 1/4*a**4 + a**3 + 3 - 2*a**2 + 5*a. What is the units digit of w(-4)?
5
Let c(v) be the third derivative of -1/12*v**4 + 1/12*v**5 + 0 - 1/120*v**6 + 2*v**2 + 0*v + v**3. What is the tens digit of c(4)?
1
Let f(l) be the third derivative of -l**6/120 - l**5/15 - 5*l**4/24 - 2*l**3/3 - l**2. Let n = -10 - -7. What is the units digit of f(n)?
2
Suppose 14 = 8*f - 458. What is the tens digit of f?
5
Suppose -11 = 5*i - 1. Let u = 12 + i. What is the tens digit of u?
1
Let l(q) = -q**3 + 8*q**2 + 11*q - 10. Let p be 1 + (6 - 2/(-1)). What is the units digit of l(p)?
8
Let h(v) = -v**3 - 3*v**2 + 4*v + 3. Suppose -u + 3*d + 2*d - 8 = 0, -8 = -4*d. Suppose 3*m = -u*t + 2 - 7, 0 = 2*t + 2*m + 6. What is the units digit of h(t)?
3
Let l(u) = 2*u**2 - 3*u**2 - 2 + 6. Let d be l(0). Let o = 5 - d. What is the units digit of o?
1
Let u = 2 - -1. Let z(n) = -n**3 + 2*n**2 + 2. Let h be z(2). What is the units digit of (u/(-6))/(h/(-28))?
7
Let v be (-6)/27 + (-58)/(-18). Suppose w = -3*x + 17, -v*w + 1 = 2*x - 1. What is the units digit of x?
7
Suppose -2*x = -x - 11. Suppose -2*t + 6*t + 20 = 0, -3*t - x = p. Suppose l + 9 = 4*d, p*d + 5*l - 4 = -1. What is the units digit of d?
2
Suppose b + b - p = 124, -4*p + 8 = 0. What is the tens digit of b?
6
Let b(q) = q**2 + 8*q + 1. Let o be b(-8). What is the units digit of -1*(-57*o)/3?
9
Let v(t) = -5*t - 3. Let y(p) = 2*p + 1. Let x(m) = 2*v(m) + 7*y(m). Let s = 7 + -3. What is the units digit of x(s)?
7
Let o = 10 + -6. Suppose 0 = -4*a + 2*s + 42, -4*s - 4 + 0 = 0. Suppose -m = o*m - a. What is the units digit of m?
2
Let d be ((3*-1)/1)/1. Suppose 4*q - 16 = -12. Let w = q - d. What is the units digit of w?
4
Let b(r) = 4*r**2 + 3*r - 6. What is the units digit of b(4)?
0
Let y be (-2)/(-6) + (-122)/(-3). Suppose -y = -4*s + 2*v + 3*v, 10 = s - v. What is the units digit of s?
9
Suppose j + 4*j = 0. Suppose -3*v + 4 - 22 = j. Let y = -1 - v. What is the units digit of y?
5
Let l(s) = -s**3 + 6*s**2 - 5*s + 3. Let z(q) = 4*q**2 - 2*q + 1. Let y be z(1). Suppose -3 = -4*g + y*g. What is the tens digit of l(g)?
1
Let s be (-1)/7 + 1/7. Let v(n) = 0*n - 2*n - n**2 + 15 + 3*n. What is the tens digit of v(s)?
1
Let w(v) = 5*v**2 - 5*v + 4. What is the units digit of w(2)?
4
Let j(m) = -m**2 + 9*m - 5. Let h be j(8). Let t(z) = z + 4*z + h*z. What is the units digit of t(1)?
8
Suppose 0 = 5*p - 3*r - 128, -4*r - 40 = 2*p - 4*p. What is the tens digit of p?
2
Suppose 2*s - 4*b = 224, 1 + 4 = 5*b. What is the units digit of s?
4
Let c(a) be the first derivative of a**5/60 - a**4/3 - a**3 + 1. Let s(z) be the third derivative of c(z). What is the units digit of s(9)?
0
Let o(w) = -w**3 + 2*w**2 - 2*w + 1. Let r be o(1). Suppose 0 = s - r - 3. Suppose 0 = -s*y + 3 + 6. What is the units digit of y?
3
Suppose v = 3*v - 3*w - 4, 5*w = 2*v. Let k(m) = -m**3 + 6*m**2 - m - 1. Let u be k(v). What is the tens digit of -1 + u + (-4 - -2)?
1
Let o = 44 - 13. What is the units digit of o?
1
Let t be 21/6 + (-1)/2. Suppose t*b - 94 = -4*w, 3*w + b = 2*b + 77. What is the units digit of w?
5
Suppose 3 + 53 = 4*y. What is the tens digit of y?
1
Let f(t) = 2 + 1 + 0 - 4 - 23*t. What is the tens digit of f(-1)?
2
Suppose 0 = -3*i + 6*i - 138. What is the tens digit of i?
4
Let c(h) = h**3 - 2*h**2 - 2*h - 2. Let w(q) = -3*q. Let m be w(-1). Let o be c(m). Let j(u) = 4*u**3 - u**2 + 1. What is the units digit of j(o)?
4
Let p = -8 - -6. Let m(v) = -10*v**3 - 3*v**2 - v. Let d be m(p). Suppose o + d = 6*o. What is the units digit of o?
4
Let d be 1 - (-7)/(21/18). Let r = d + 3. What is the units digit of r?
0
Let v(w) = w**3 + 2. What is the units digit of v(5)?
7
Let w(v) = v**2 - 2*v + 6. Let g(y) = -3*y + 1. Let s be g(-1). What is the tens digit of w(s)?
1
Suppose y = -4*y + 365. What is the units digit of y?
3
Suppose -35 = -4*o + 13. Let n = o + -2. What is the units digit of n?
0
Suppose -3*t + 24 + 162 = 3*z, t = 4*z - 268. What is the tens digit of z?
6
What is the units digit of 28 - (2 - 1 - -2)?
5
Let n(m) = -m**2 - 7*m - 5. Let o be 4/((-1 - -1) + 1). Suppose 0 = -o*d - t + 3*t - 18, 4*d + 4*t = -12. What is the units digit of n(d)?
7
Suppose 0 = -m - 0*m - 8. Let x be (4 - 0)*(-2)/m. Let o = 3 - x. What is the units digit of o?
2
What is the tens digit of (-1456)/(-10) - (-2)/5?
4
Let c(k) = k + 1. Let m(x) = -x + 1. Let h(p) = 2*c(p) - m(p). Let b = 9 + -7. What is the units digit of h(b)?
7
Let g(f) = 19*f**2 - 6*f - 2. Let j be g(-4). Let p be j/6 + 12/18. Let o = -39 + p. What is the units digit of o?
6
Let g = 7 + -7. Suppose 0 = -g*s - s + 8. What is the units digit of s?
8
Let d(b) = b**3 - b**2 - 2. Let y be d(2). Let s be 2/(-6) - 10/(-3). Suppose 0 = -y*u + 4*h, -u - s*u + 27 = h. What is the units digit of u?
6
Suppose 0 = -k + 4*k + 21. Let r(o) = 11 + 2*o - 2 - o. What is the units digit of r(k)?
2
Suppose -5*x + 247 = -88. What is the units digit of x?
7
Suppose f + 3*f = -24. Let x(r) = -r**3 - 5*r**2 + 5*r - 3. Let l be x(f). Suppose 0 = -p + l*g - 3, 3 = -3*g + 9. What is the units digit of p?
3
Suppose -b + 61 = 3*d, -21 - 24 = -b + d. Let f = -26 + b. What is the units digit of f?
3
Let l(k) = k**2 - 5*k + 2. Let x be l(4). Let p = 0 - x. Suppose 3*z - a = p*z + 7, 3*a = z - 5. What is the units digit of z?
8
Suppose 10*z - 11*z = -342. What is the hundreds digit of z?
3
Let y be 5 + 2*1/(-2). Suppose 0 = -2*v + 5*r + 81, v + 3*r - 125 = -y*v. Suppose 2 + v = 5*g. What is the units digit of g?
6
Suppose 4*f + 42 = -6. What is the units digit of (-4)/16 - 183/f?
5
Let d be (1/1)/(4/12). Suppose 0 = -d*l + l + 8. What is the units digit of l?
4
Let h(z) = 2*z**3 + 6*z**2 - z + 6. What is the units digit of h(-3)?
9
Suppose 2*a + 3*l - 4*l = -32, -a - 3*l = 2. Let c(i) = -i - 9. What is the units digit of c(a)?
5
Let i be (2/(-2))/(-1) - -2. Suppose -5*n - 3*f = -91, -58 = -n - i*n + 5*f. What is the tens digit of n?
1
Let g = 15 - -45. What is the units digit of g?
0
Suppose -5*i = -i + 132. What is the tens digit of i*1/6*-2?
1
Let o = 20 - 14. Suppose o = -0*u + 2*u. Suppose 6 = -2*h, -h - u = 2*w - 16. What is the units digit of w?
8
Suppose 5*j - 5 = 4*j, 3*j + 69 = -3*b. Let h = -10 - b. What is the units digit of h?
8
Let z be 2/(-8) + (-84)/(-16). Suppose -z*b = -3 - 7. Suppose -i = 2*c, i - b*c + 4 = 4*i. What is the units digit of i?
2
Suppose 2 + 3 = p. Let z(r) = 12*r**2 - p*r**2 + 9*r**2 + 1 + r**2 + 2*r. What is the tens digit of z(-1)?
1
Suppose 6*s - 53 = 223. What is the units digit of s?
6
Suppose 2*y = -4*d + 124, 5*y - 2*d = 519 - 149. What is the tens digit of y?
7
Let n(d) = -d**2 - 5*d - 3. Let u be n(-5). Let c = 6 + u. Suppose 5*o + 2*k = 98, -4*o = -3*o + c*k - 30. What is the units digit of o?
8
Let j = 17 + -23. Let a = 16 - j. What is the tens digit of a?
2
Let z = 10 + -12. What is the units digit of 2/4*z - -2?
1
Let v = -124 + 220. What is the units digit of v?
6
Let n = -26 + 17. Let y = n - -18. What is the units digit of y?
9
Suppose 0 + 2 = a. Let t = a + 0. What is the units digit of -2 + t + 24/3?
8
Let h(g) = -3*g. Let x be h(-1). Suppose 90 = 2*b - 2*y - 0*y, -2*b - x*y + 90 = 0. What is the units digit of b?
5
Suppose -536 = -12*d + 10*d. What is the tens digit of d?
6
Let b(v) = 25*v - 16. What is the units digit of b(3)?
9
Let b = 3 + -1. Suppose b*z = z. Suppose 4*r - 2*y - 18 = 0, z*r + r - 5*y = 18. What is the units digit of r?
3
Let t = 0 + -3. Let o = t + 4. Let n = o + 3. What is the units digit of n?
4
Let f(y) = 64*y**2 + y + 3. What